{"id":909,"date":"2022-10-09T18:13:29","date_gmt":"2022-10-09T17:13:29","guid":{"rendered":"https:\/\/transform-1990-2020.ffzg.unizg.hr\/?page_id=909"},"modified":"2022-10-09T18:15:11","modified_gmt":"2022-10-09T17:15:11","slug":"intervju-sa-sergejem-kibalnikom","status":"publish","type":"page","link":"https:\/\/transform-1990-2020.ffzg.unizg.hr\/?page_id=909","title":{"rendered":"Intervju sa Sergejem Kibal&#8217;nikom"},"content":{"rendered":"<p>Voditeljica projekta prof. dr. sc. Jasmina Vojvodi\u0107 odr\u017eala je intervju s ruskim piscem i knji\u017eevnim povjesni\u010darom i teoreti\u010darom Sergejem Kibal&#8217;nikom. Intervju je objavljen na stranicama online \u010dasopisa <em>SlavicumPress<\/em>, \u010dija je urednica suradnica projekta <em>Ruske knji\u017eevne transformacije 1990.\u20132020<\/em>., dr. sc. O&#8217;lga Burenina sa Sveu\u010dili\u0161ta u Z\u00fcrichu.<\/p>\n<p>Intervju je dostupan na poveznici: <a href=\"https:\/\/dlf.uzh.ch\/sites\/slavicumpress\/2022\/09\/07\/i-snova-stanet-yasno-chto-lyubov-byla-toj-siloj-chto-vsegda-spasala-yasmina-vojvodich-beseduet-s-sergeem-kibalnikom\/\">https:\/\/dlf.uzh.ch\/sites\/slavicumpress\/2022\/09\/07\/i-snova-stanet-yasno-chto-lyubov-byla-toj-siloj-chto-vsegda-spasala-yasmina-vojvodich-beseduet-s-sergeem-kibalnikom\/<\/a><\/p>\n","protected":false},"excerpt":{"rendered":"<p>Voditeljica projekta prof. dr. sc. Jasmina Vojvodi\u0107 odr\u017eala je intervju s ruskim piscem i knji\u017eevnim povjesni\u010darom i teoreti\u010darom Sergejem Kibal&#8217;nikom. Intervju je objavljen na stranicama online \u010dasopisa SlavicumPress, \u010dija je [&hellip;]<\/p>\n","protected":false},"author":2,"featured_media":0,"parent":0,"menu_order":0,"comment_status":"closed","ping_status":"closed","template":"","meta":{"footnotes":""},"class_list":["post-909","page","type-page","status-publish","hentry","post-preview"],"_links":{"self":[{"href":"https:\/\/transform-1990-2020.ffzg.unizg.hr\/index.php?rest_route=\/wp\/v2\/pages\/909","targetHints":{"allow":["GET"]}}],"collection":[{"href":"https:\/\/transform-1990-2020.ffzg.unizg.hr\/index.php?rest_route=\/wp\/v2\/pages"}],"about":[{"href":"https:\/\/transform-1990-2020.ffzg.unizg.hr\/index.php?rest_route=\/wp\/v2\/types\/page"}],"author":[{"embeddable":true,"href":"https:\/\/transform-1990-2020.ffzg.unizg.hr\/index.php?rest_route=\/wp\/v2\/users\/2"}],"replies":[{"embeddable":true,"href":"https:\/\/transform-1990-2020.ffzg.unizg.hr\/index.php?rest_route=%2Fwp%2Fv2%2Fcomments&post=909"}],"version-history":[{"count":2,"href":"https:\/\/transform-1990-2020.ffzg.unizg.hr\/index.php?rest_route=\/wp\/v2\/pages\/909\/revisions"}],"predecessor-version":[{"id":914,"href":"https:\/\/transform-1990-2020.ffzg.unizg.hr\/index.php?rest_route=\/wp\/v2\/pages\/909\/revisions\/914"}],"wp:attachment":[{"href":"https:\/\/transform-1990-2020.ffzg.unizg.hr\/index.php?rest_route=%2Fwp%2Fv2%2Fmedia&parent=909"}],"curies":[{"name":"wp","href":"https:\/\/api.w.org\/{rel}","templated":true}]}}