{"id":1772,"date":"2025-02-05T11:16:36","date_gmt":"2025-02-05T10:16:36","guid":{"rendered":"https:\/\/transform-1990-2020.ffzg.unizg.hr\/?page_id=1772"},"modified":"2025-02-05T14:40:34","modified_gmt":"2025-02-05T13:40:34","slug":"projektni-sastanak","status":"publish","type":"page","link":"https:\/\/transform-1990-2020.ffzg.unizg.hr\/?page_id=1772","title":{"rendered":"Projektni sastanak"},"content":{"rendered":"<p>Radni sastanak suradnika na projektu odr\u017ean je 18. listopada 2024. godine u online formatu. Na radnom sastanku usugla\u0161eni su naslovi poglavlja budu\u0107e zajedni\u010dke publikacije:<\/p>\n<ol>\n<li>\u0418\u0432\u0430\u043d\u0430 \u041f\u0435\u0440\u0443\u0448\u043a\u043e: \u0414\u0435\u0432\u044f\u043d\u043e\u0442\u0441\u044b\u0435 \u0433\u043e\u0434\u044b \u043a\u0430\u043a \u043d\u043e\u0432\u0430\u044f \u043a\u0443\u043b\u044c\u0442\u0443\u0440\u0430 \u043e\u0434\u0438\u043d<\/li>\n<li>\u042f\u0441\u043c\u0438\u043d\u0430 \u0412\u043e\u0439\u0432\u043e\u0434\u0438\u0447: \u0422\u0440\u0430\u043d\u0441\u0444\u043e\u0440\u043c\u0430\u0446\u0438\u044f \u043a\u043b\u0430\u0441\u0441\u0438\u043a\u0438 \u0432 \u0430\u043a\u0442\u0443\u0430\u043b\u044c\u043d\u043e\u0439 \u0440\u0443\u0441\u0441\u043a\u043e\u0439 \u043b\u0438\u0442\u0435\u0440\u0430\u0443\u0442\u0440\u0435<\/li>\n<li>\u0416\u0438\u0432\u0430 \u0411\u0435\u043d\u0447\u0438\u0447: \u0410\u0432\u0442\u043e\u0444\u0438\u043a\u0446\u0438\u044f\/\u0410\u0432\u0442\u043e\u0444\u0438\u043a\u0448\u043d<\/li>\n<li>\u0419\u043e\u0441\u0438\u043f \u0423\u0436\u0430\u0440\u0435\u0432\u0438\u0447: \u041a\u043e\u043d\u0446\u0435\u043f\u0442\u044b &#8220;\u043d\u043e\u0432\u043e\u0433\u043e&#8221; \u0432 \u0440\u0443\u0441\u0441\u043a\u043e\u0439 \u043b\u0438\u0440\u0438\u043a\u0435 21-\u0433\u043e \u0432\u0435\u043a\u0430<\/li>\n<li>\u0411\u0440\u0438\u0433\u0438\u0442\u0442\u0435 \u041e\u0431\u0435\u0440\u043c\u0430\u0439\u0440: \u0420\u0443\u0441\u0441\u043a\u043e\u044f\u0437\u044b\u0447\u043d\u0430\u044f \u043f\u043e\u043b\u0438\u0442\u0438\u0447\u0435\u0441\u043a\u0430\u044f \u043f\u043e\u044d\u0437\u0438\u044f<\/li>\n<li>\u0414\u0430\u043d\u0438\u044d\u043b\u0430 \u041b\u0443\u0433\u0430\u0440\u0438\u0447 \u0412\u0443\u043a\u0430\u0441: \u0422\u0440\u0430\u043d\u0441\u0444\u043e\u0440\u043c\u0430\u0446\u0438\u0438 \u0441\u043e\u0432\u0435\u0442\u0441\u043a\u043e\u0433\u043e \u043f\u0440\u043e\u0448\u043b\u043e\u0433\u043e<\/li>\n<li>\u041d\u0430\u0442\u0430\u043b\u0438\u044f \u0417\u043b\u044b\u0434\u043d\u0435\u0432\u0430: \u0412\u043f\u0435\u0440\u0435\u0434 \u0432 \u043f\u0440\u043e\u0448\u043b\u043e\u0435: \u0442\u0440\u0430\u043d\u0441\u0444\u043e\u0440\u043c\u0430\u0446\u0438\u044f \u0441\u043e\u0432\u0435\u0442\u0441\u043a\u043e\u0433\u043e \u0434\u0438\u0441\u043a\u0443\u0440\u0441\u0430<\/li>\n<li>\u041e\u043b\u044c\u0433\u0430 \u0411\u0443\u0440\u0435\u043d\u0438\u043d\u0430-\u041f\u0435\u0442\u0440\u043e\u0432\u0430: \u041b\u0438\u0442\u0435\u0440\u0430\u0442\u0443\u0440\u043d\u044b\u0435 \u043a\u0438\u043d\u043e\u0442\u0440\u0430\u043d\u0441\u0444\u043e\u0440\u043c\u0430\u0446\u0438\u0438<\/li>\n<\/ol>\n","protected":false},"excerpt":{"rendered":"<p>Radni sastanak suradnika na projektu odr\u017ean je 18. listopada 2024. godine u online formatu. Na radnom sastanku usugla\u0161eni su naslovi poglavlja budu\u0107e zajedni\u010dke publikacije: \u0418\u0432\u0430\u043d\u0430 \u041f\u0435\u0440\u0443\u0448\u043a\u043e: \u0414\u0435\u0432\u044f\u043d\u043e\u0442\u0441\u044b\u0435 \u0433\u043e\u0434\u044b \u043a\u0430\u043a \u043d\u043e\u0432\u0430\u044f [&hellip;]<\/p>\n","protected":false},"author":2,"featured_media":0,"parent":0,"menu_order":0,"comment_status":"closed","ping_status":"closed","template":"","meta":{"footnotes":""},"class_list":["post-1772","page","type-page","status-publish","hentry","post-preview"],"_links":{"self":[{"href":"https:\/\/transform-1990-2020.ffzg.unizg.hr\/index.php?rest_route=\/wp\/v2\/pages\/1772","targetHints":{"allow":["GET"]}}],"collection":[{"href":"https:\/\/transform-1990-2020.ffzg.unizg.hr\/index.php?rest_route=\/wp\/v2\/pages"}],"about":[{"href":"https:\/\/transform-1990-2020.ffzg.unizg.hr\/index.php?rest_route=\/wp\/v2\/types\/page"}],"author":[{"embeddable":true,"href":"https:\/\/transform-1990-2020.ffzg.unizg.hr\/index.php?rest_route=\/wp\/v2\/users\/2"}],"replies":[{"embeddable":true,"href":"https:\/\/transform-1990-2020.ffzg.unizg.hr\/index.php?rest_route=%2Fwp%2Fv2%2Fcomments&post=1772"}],"version-history":[{"count":3,"href":"https:\/\/transform-1990-2020.ffzg.unizg.hr\/index.php?rest_route=\/wp\/v2\/pages\/1772\/revisions"}],"predecessor-version":[{"id":1776,"href":"https:\/\/transform-1990-2020.ffzg.unizg.hr\/index.php?rest_route=\/wp\/v2\/pages\/1772\/revisions\/1776"}],"wp:attachment":[{"href":"https:\/\/transform-1990-2020.ffzg.unizg.hr\/index.php?rest_route=%2Fwp%2Fv2%2Fmedia&parent=1772"}],"curies":[{"name":"wp","href":"https:\/\/api.w.org\/{rel}","templated":true}]}}