{"id":1453,"date":"2024-01-03T12:33:07","date_gmt":"2024-01-03T11:33:07","guid":{"rendered":"https:\/\/transform-1990-2020.ffzg.unizg.hr\/?page_id=1453"},"modified":"2024-01-05T10:17:41","modified_gmt":"2024-01-05T09:17:41","slug":"review-of-the-volume-mystification-in-slavic-culture-poetics-and-practices","status":"publish","type":"page","link":"https:\/\/transform-1990-2020.ffzg.unizg.hr\/?page_id=1453&lang=en","title":{"rendered":"Review of the volume Mystification in Slavic culture: poetics and practices"},"content":{"rendered":"<p>Project team leader, prof. Ph.D. Jasmina Vojvodi\u0107 wrote a review of the volume\u00a0<em>Mystification in Slavic culture: poetics and practices<\/em>\u00a0(rus. <em>Mistifikacija v slavjanskoj kul\u2019ture: po\u00e8tika i praktiki<\/em>). The volume was edited by a foreign team member on the project Russian Literary Transformations from 1990 to 2020, prof. PhD Natalija Zlydneva, and it includes, among other contributions, the articles of project team members prof. PhD \u017diva Ben\u010di\u0107 and prof. PhD Danijela Lugari\u0107 Vukas. A review was published in the scientific magazine Croatica et Slavica Iadertina and is available at the link: <a href=\"https:\/\/hrcak.srce.hr\/file\/451046\">https:\/\/hrcak.srce.hr\/file\/451046<\/a>.<\/p>\n","protected":false},"excerpt":{"rendered":"<p>Project team leader, prof. Ph.D. Jasmina Vojvodi\u0107 wrote a review of the volume\u00a0Mystification in Slavic culture: poetics and practices\u00a0(rus. Mistifikacija v slavjanskoj kul\u2019ture: po\u00e8tika i praktiki). The volume was edited [&hellip;]<\/p>\n","protected":false},"author":2,"featured_media":0,"parent":0,"menu_order":0,"comment_status":"closed","ping_status":"closed","template":"","meta":{"footnotes":""},"class_list":["post-1453","page","type-page","status-publish","hentry","post-preview"],"_links":{"self":[{"href":"https:\/\/transform-1990-2020.ffzg.unizg.hr\/index.php?rest_route=\/wp\/v2\/pages\/1453","targetHints":{"allow":["GET"]}}],"collection":[{"href":"https:\/\/transform-1990-2020.ffzg.unizg.hr\/index.php?rest_route=\/wp\/v2\/pages"}],"about":[{"href":"https:\/\/transform-1990-2020.ffzg.unizg.hr\/index.php?rest_route=\/wp\/v2\/types\/page"}],"author":[{"embeddable":true,"href":"https:\/\/transform-1990-2020.ffzg.unizg.hr\/index.php?rest_route=\/wp\/v2\/users\/2"}],"replies":[{"embeddable":true,"href":"https:\/\/transform-1990-2020.ffzg.unizg.hr\/index.php?rest_route=%2Fwp%2Fv2%2Fcomments&post=1453"}],"version-history":[{"count":2,"href":"https:\/\/transform-1990-2020.ffzg.unizg.hr\/index.php?rest_route=\/wp\/v2\/pages\/1453\/revisions"}],"predecessor-version":[{"id":1459,"href":"https:\/\/transform-1990-2020.ffzg.unizg.hr\/index.php?rest_route=\/wp\/v2\/pages\/1453\/revisions\/1459"}],"wp:attachment":[{"href":"https:\/\/transform-1990-2020.ffzg.unizg.hr\/index.php?rest_route=%2Fwp%2Fv2%2Fmedia&parent=1453"}],"curies":[{"name":"wp","href":"https:\/\/api.w.org\/{rel}","templated":true}]}}