{"id":1232,"date":"2023-07-07T19:20:56","date_gmt":"2023-07-07T18:20:56","guid":{"rendered":"https:\/\/transform-1990-2020.ffzg.unizg.hr\/?page_id=1232"},"modified":"2023-07-07T19:20:56","modified_gmt":"2023-07-07T18:20:56","slug":"tecajevi-o-ruskoj-knjizevnosti","status":"publish","type":"page","link":"https:\/\/transform-1990-2020.ffzg.unizg.hr\/?page_id=1232","title":{"rendered":"Te\u010dajevi o ruskoj knji\u017eevnosti"},"content":{"rendered":"<p>Voditeljica projekta prof. dr. sc. Jasmina Vojvodi\u0107 i asistentica Petra Grebenac u online obliku poha\u0111ale su te\u010dajeve o ruskoj knji\u017eevnosti u organizaciji Autonomne nekomercijalne organizacije dopunskog profesionalnog obrazovanja \u201eInstitut dopunskog profesionalnog obrazovanja\u201c (Ni\u017enij Novgorod, Rusija). Prof. dr. sc. Jasmina Vojvodi\u0107 poha\u0111ala je te\u010daj pod nazivom \u201ePovijesne sudbine ruske klasike: nove koncepcije \u010ditanja\u201c, koji je trajao od 24. studenog do 2. prosinca 2022. godine. Asistentica Petra Grebenac poha\u0111ala je te\u010daj \u201eRusko-inozemne knji\u017eevne veze\u201c, koji je trajao od 21. studenog do 26. studenog 2022. godine. Po zavr\u0161etku te\u010daja suradnice na projektu dobile su certifikate o poha\u0111anju te\u010daja.<\/p>\n<p><a href=\"https:\/\/transform-1990-2020.ffzg.unizg.hr\/wp-content\/uploads\/2023\/07\/Certifikat_Jasmina-Vojvodic.pdf\">Certifikat &#8211; prof. dr. sc. Jasmina Vojvodi\u0107<\/a><\/p>\n<p><a href=\"https:\/\/transform-1990-2020.ffzg.unizg.hr\/wp-content\/uploads\/2023\/07\/Certifikat_P.-Grebenac.pdf\">Certifikat &#8211; Petra Grebenac<\/a><\/p>\n<p><a href=\"https:\/\/transform-1990-2020.ffzg.unizg.hr\/wp-content\/uploads\/2023\/07\/Raspored_klasici.pdf\">Raspored &#8211; Povijesne sudbine ruske klasike: nove koncepcije \u010ditanja\u00a0<\/a><\/p>\n<p><a href=\"https:\/\/transform-1990-2020.ffzg.unizg.hr\/wp-content\/uploads\/2023\/07\/Raspored_knjizevne-veze.pdf\">Raspored &#8211; Rusko-inozemne knji\u017eevne veze\u00a0<\/a><\/p>\n","protected":false},"excerpt":{"rendered":"<p>Voditeljica projekta prof. dr. sc. Jasmina Vojvodi\u0107 i asistentica Petra Grebenac u online obliku poha\u0111ale su te\u010dajeve o ruskoj knji\u017eevnosti u organizaciji Autonomne nekomercijalne organizacije dopunskog profesionalnog obrazovanja \u201eInstitut dopunskog [&hellip;]<\/p>\n","protected":false},"author":2,"featured_media":0,"parent":0,"menu_order":0,"comment_status":"closed","ping_status":"closed","template":"","meta":{"footnotes":""},"class_list":["post-1232","page","type-page","status-publish","hentry","post-preview"],"_links":{"self":[{"href":"https:\/\/transform-1990-2020.ffzg.unizg.hr\/index.php?rest_route=\/wp\/v2\/pages\/1232","targetHints":{"allow":["GET"]}}],"collection":[{"href":"https:\/\/transform-1990-2020.ffzg.unizg.hr\/index.php?rest_route=\/wp\/v2\/pages"}],"about":[{"href":"https:\/\/transform-1990-2020.ffzg.unizg.hr\/index.php?rest_route=\/wp\/v2\/types\/page"}],"author":[{"embeddable":true,"href":"https:\/\/transform-1990-2020.ffzg.unizg.hr\/index.php?rest_route=\/wp\/v2\/users\/2"}],"replies":[{"embeddable":true,"href":"https:\/\/transform-1990-2020.ffzg.unizg.hr\/index.php?rest_route=%2Fwp%2Fv2%2Fcomments&post=1232"}],"version-history":[{"count":1,"href":"https:\/\/transform-1990-2020.ffzg.unizg.hr\/index.php?rest_route=\/wp\/v2\/pages\/1232\/revisions"}],"predecessor-version":[{"id":1237,"href":"https:\/\/transform-1990-2020.ffzg.unizg.hr\/index.php?rest_route=\/wp\/v2\/pages\/1232\/revisions\/1237"}],"wp:attachment":[{"href":"https:\/\/transform-1990-2020.ffzg.unizg.hr\/index.php?rest_route=%2Fwp%2Fv2%2Fmedia&parent=1232"}],"curies":[{"name":"wp","href":"https:\/\/api.w.org\/{rel}","templated":true}]}}