{"id":1021,"date":"2022-12-10T19:57:08","date_gmt":"2022-12-10T18:57:08","guid":{"rendered":"https:\/\/transform-1990-2020.ffzg.unizg.hr\/?page_id=1021"},"modified":"2022-12-10T19:58:17","modified_gmt":"2022-12-10T18:58:17","slug":"white-ink-red-flag-expressing-maternity-in-eastern-european-culture","status":"publish","type":"page","link":"https:\/\/transform-1990-2020.ffzg.unizg.hr\/?page_id=1021","title":{"rendered":"White Ink, Red Flag: Expressing Maternity in Eastern European Culture"},"content":{"rendered":"<p>Suradnica na projektu, prof. dr. sc. Danijela Lugari\u0107 Vukas, sudjelovala je u konferenciji <em>White Ink, Red Flag: Expressing Maternity in Eastern European Culture<\/em>, odr\u017eanoj u Exetru od 9. do 10. srpnja 2022. godine, s izlaganjem <em>On Mothers, Daughters, and Decentered Subjectivities: Oksana Vasyakina and Ivana Bodro\u017ei\u0107 in Dialogue.<\/em> Lugari\u0107 Vukas u svojem je izlaganju analizirala temu maj\u010dinstva kao kulturnog i biolo\u0161kog koncepta u romanima <em>Rana<\/em> (rus. <em>Rana<\/em>, 2021) Oksane Vasjakine i <em>Sinovi, k\u0107eri<\/em> (2020) Ivane Bodro\u017ei\u0107.<\/p>\n<p><a href=\"https:\/\/transform-1990-2020.ffzg.unizg.hr\/wp-content\/uploads\/2022\/12\/Screenshot-57.png\"><img loading=\"lazy\" decoding=\"async\" class=\"alignnone wp-image-1024 size-large\" src=\"https:\/\/transform-1990-2020.ffzg.unizg.hr\/wp-content\/uploads\/2022\/12\/Screenshot-57-1024x576.png\" alt=\"\" width=\"676\" height=\"380\" srcset=\"https:\/\/transform-1990-2020.ffzg.unizg.hr\/wp-content\/uploads\/2022\/12\/Screenshot-57-1024x576.png 1024w, https:\/\/transform-1990-2020.ffzg.unizg.hr\/wp-content\/uploads\/2022\/12\/Screenshot-57-300x169.png 300w, https:\/\/transform-1990-2020.ffzg.unizg.hr\/wp-content\/uploads\/2022\/12\/Screenshot-57-768x432.png 768w, https:\/\/transform-1990-2020.ffzg.unizg.hr\/wp-content\/uploads\/2022\/12\/Screenshot-57-1536x864.png 1536w, https:\/\/transform-1990-2020.ffzg.unizg.hr\/wp-content\/uploads\/2022\/12\/Screenshot-57-676x380.png 676w, https:\/\/transform-1990-2020.ffzg.unizg.hr\/wp-content\/uploads\/2022\/12\/Screenshot-57-600x338.png 600w, https:\/\/transform-1990-2020.ffzg.unizg.hr\/wp-content\/uploads\/2022\/12\/Screenshot-57.png 1920w\" sizes=\"auto, (max-width: 676px) 100vw, 676px\" \/><\/a><\/p>\n","protected":false},"excerpt":{"rendered":"<p>Suradnica na projektu, prof. dr. sc. Danijela Lugari\u0107 Vukas, sudjelovala je u konferenciji White Ink, Red Flag: Expressing Maternity in Eastern European Culture, odr\u017eanoj u Exetru od 9. do 10. [&hellip;]<\/p>\n","protected":false},"author":2,"featured_media":0,"parent":0,"menu_order":0,"comment_status":"closed","ping_status":"closed","template":"","meta":{"footnotes":""},"class_list":["post-1021","page","type-page","status-publish","hentry","post-preview"],"_links":{"self":[{"href":"https:\/\/transform-1990-2020.ffzg.unizg.hr\/index.php?rest_route=\/wp\/v2\/pages\/1021","targetHints":{"allow":["GET"]}}],"collection":[{"href":"https:\/\/transform-1990-2020.ffzg.unizg.hr\/index.php?rest_route=\/wp\/v2\/pages"}],"about":[{"href":"https:\/\/transform-1990-2020.ffzg.unizg.hr\/index.php?rest_route=\/wp\/v2\/types\/page"}],"author":[{"embeddable":true,"href":"https:\/\/transform-1990-2020.ffzg.unizg.hr\/index.php?rest_route=\/wp\/v2\/users\/2"}],"replies":[{"embeddable":true,"href":"https:\/\/transform-1990-2020.ffzg.unizg.hr\/index.php?rest_route=%2Fwp%2Fv2%2Fcomments&post=1021"}],"version-history":[{"count":2,"href":"https:\/\/transform-1990-2020.ffzg.unizg.hr\/index.php?rest_route=\/wp\/v2\/pages\/1021\/revisions"}],"predecessor-version":[{"id":1025,"href":"https:\/\/transform-1990-2020.ffzg.unizg.hr\/index.php?rest_route=\/wp\/v2\/pages\/1021\/revisions\/1025"}],"wp:attachment":[{"href":"https:\/\/transform-1990-2020.ffzg.unizg.hr\/index.php?rest_route=%2Fwp%2Fv2%2Fmedia&parent=1021"}],"curies":[{"name":"wp","href":"https:\/\/api.w.org\/{rel}","templated":true}]}}